e the prime factors of t + -2 + 3 + 4?
2
Let t = 54 - 24. List the prime factors of t.
2, 3, 5
Suppose -7*h + 15*h - 80 = 0. List the prime factors of h.
2, 5
Suppose 3*q + 4*l - 28 = 0, -2*q = -3*l - 0*l + 4. What are the prime factors of 7 - (-1)/(-4)*q?
2, 3
Let b be (20/(-6))/(2/(-3)). Suppose -2*w - 18 = -w - b*h, 0 = 2*w + h - 8. List the prime factors of w.
2
Suppose -36 = -5*z + 4*o, 6*o = z + 3*o - 16. Suppose -z*b + 114 + 2 = 0. List the prime factors of b.
29
Let y(x) = 2*x**2 - 3. Let q be y(3). Suppose -k + q = -0*k. List the prime factors of k.
3, 5
Suppose j = -4*q + 2*j + 477, -597 = -5*q + 2*j. List the prime factors of q.
7, 17
Let n(f) = f + 3. Let y be n(-4). Let r = y + 4. Let o = r - -2. List the prime factors of o.
5
List the prime factors of (0 + 1)/((-2)/(-56)).
2, 7
Let y(c) = c - 3. Let i be (-1)/(0 + 1/(-5)). Let x be i + 5/(5/3). What are the prime factors of y(x)?
5
Suppose -h + 138 - 15 = -4*f, -4*h + 420 = 2*f. List the prime factors of h.
107
Suppose 0 = f - 4*f + 9, 4*t - 282 = 2*f. What are the prime factors of t?
2, 3
List the prime factors of (-2)/(-3)*(-219)/(-2).
73
Let n(x) = -4*x - 7. Let o(d) = -3*d - 7. Let t(f) = 2*n(f) - 3*o(f). Suppose m = -3*i - 0*i - 6, 3*m - 3*i - 6 = 0. List the prime factors of t(m).
7
Suppose 171 - 15 = 3*r. What are the prime factors of (4/(-8))/((-2)/r)?
13
Suppose 5*f + 0*f = 5*l - 100, f + 58 = 3*l. List the prime factors of l.
19
Suppose 0 = 7*v - 11*v + 256. What are the prime factors of v?
2
Suppose -7 - 5 = o. Let s(u) = -u**2 - 14*u - 2. What are the prime factors of s(o)?
2, 11
Let m be 9/(-1 - -4) + 0. Suppose i - d + 25 = m*i, 5*i - d = 59. What are the prime factors of i?
2, 3
What are the prime factors of (-8)/(-44) - (-581)/11?
53
Suppose 0*b = 5*b + 20. Let a = b + 7. List the prime factors of a.
3
Let b = 376 - 83. What are the prime factors of b?
293
Let s(i) = -i**2 - 6*i - 6. Let k be s(-4). Suppose -k*l = -0*l + 10, -c = l - 44. List the prime factors of c.
7
Let g(b) = b**3 + 7*b**2 + 5*b + 6. Let x(j) = j + 2. Let w be x(-8). List the prime factors of g(w).
2, 3
Suppose -d - 3*i + 27 = d, 0 = 2*d - 4*i - 34. Let g = d - -1. List the prime factors of g.
2
Let a(g) = g**3 + 5*g**2 - 5*g - 3. Let i be a(-5). Suppose 4*x - 5*x + i = 0. List the prime factors of x.
2, 11
Let l = 217 - 38. List the prime factors of l.
179
Let b(l) = l**3 + 10*l**2 + 1. Let r be b(-10). List the prime factors of r + -1 - (0 + -15).
3, 5
Suppose 4*d + 4 = 5*d. Suppose -n = -5*z + 85, d*z - 34 = 2*z + 3*n. Suppose 4*f = 3*f + z. List the prime factors of f.
17
Let a(i) = i**2 + i - 6. List the prime factors of a(5).
2, 3
Let c be ((-12)/(-15))/(1/5). Suppose 0*x + c*x - 13 = -5*q, 2*x - q - 3 = 0. Suppose -4*w + 12 = b + 3*b, -5*b - 6 = x*w. List the prime factors of w.
7
Suppose -2 = -h - h. Suppose 22 = 3*g + 55. Let y = h - g. What are the prime factors of y?
2, 3
Let o = 10 + -10. Let a = -6 + 10. Suppose -a*l + 12 = -o*l. What are the prime factors of l?
3
Suppose 6 = -3*j - 3*m - 18, 3*m = 3*j + 6. Suppose 0 = -2*g - 2*g - 32. Let b = j - g. List the prime factors of b.
3
Suppose 0 = -a + 5*a - 32. List the prime factors of a.
2
Let o be 5*(2 + -1)*-1. Let d = o + 8. List the prime factors of d.
3
Suppose -x - 24 = 15. Let m = -17 - x. List the prime factors of m.
2, 11
Let w(n) be the second derivative of -3*n**5/10 - n**4/6 + n**3/6 + 5*n. List the prime factors of w(-2).
2, 19
Let c(k) = -1 - 2 + 4*k + 6. Let p be c(-3). Let x = p + 16. List the prime factors of x.
7
List the prime factors of 3/((-3)/2)*(-1212)/24.
101
Suppose -4*o = -0*o + 24. Let h be 6/10 + o/10. Suppose -3*q + 42 = -h*q. What are the prime factors of q?
2, 7
Suppose -4*q = -0*t + 5*t - 3, -t = 1. Suppose -2*m - 152 = -3*y - 0*y, -10 = -5*m. Suppose -2*f - y = -j - 3*j, q*f - 14 = -2*j. List the prime factors of j.
11
Let b(w) = w + 8. Let g be b(-4). Suppose g*f - 24 = -0*f. Suppose t - 20 = 4*c, -t - 3*c + f + 7 = 0. What are the prime factors of t?
2
Let a be -12*(26/(-8) - -1). Let y(n) = -2*n - 3. Let v be y(6). Let f = a + v. What are the prime factors of f?
2, 3
Let t = -10 - -28. Suppose -2*x = -10, -2*x - 14 = -3*y + t. List the prime factors of y.
2, 7
Let j = -275 + 471. What are the prime factors of j?
2, 7
Suppose -3*u = -8*u + 215. Suppose 15 = -3*m, -2*m + 3*m = -3*j + u. List the prime factors of j.
2
Let z be 1/(2/(-78)*-1). Let h = z + -16. What are the prime factors of h?
23
Suppose 0*i - 12 = -4*i. Suppose -i*s + 0*s = -9. What are the prime factors of s?
3
Let h = -8 - 7. What are the prime factors of (5 + -3 - h) + -3?
2, 7
Suppose 5*h + 0*h = d + 15, d + 1 = -2*h. Suppose 0 = -i - h*w + 15, -6*w + 25 = -w. What are the prime factors of i?
5
Let w = -13 + 108. List the prime factors of w.
5, 19
Let h = -73 + 77. What are the prime factors of h?
2
Let g(u) = 2*u**2 - 13*u + 6. What are the prime factors of g(10)?
2, 19
Let q(y) = -2*y + 10. Let z(s) = -3*s + 11. Let h(v) = 4*q(v) - 3*z(v). Let u be h(7). Suppose 0*k - 2*k = -u. What are the prime factors of k?
7
Suppose 5*r + 0*r - 300 = 0. Suppose -y - 33 - r = -4*n, 5 = -y. List the prime factors of n.
2, 11
Suppose 5*z - 859 = -3*c, c - 5*c + 2*z + 1180 = 0. What are the prime factors of c?
293
Let f(k) = -2*k**3 + 3*k**2 + 2*k. Let n be f(3). List the prime factors of (-88)/6*n/14.
2, 11
Suppose -4*p + 80 = p. Let w = p + 13. List the prime factors of w.
29
Let g(f) = 7*f + 1. What are the prime factors of g(1)?
2
Let r be (2/(-6))/(3/(-99)). Let s = -7 + r. Suppose s*b - 45 = -b. What are the prime factors of b?
3
List the prime factors of (6 - (-186)/10)/((-2)/(-10)).
3, 41
Suppose 6*d - 3*d = 54. What are the prime factors of d?
2, 3
Suppose 7*q - 2*q - 11 = -2*d, 2*d - 38 = 4*q. Let g(m) = -m**3 + 2*m**2 + 4*m - 4. Let k be g(3). List the prime factors of d + (-2)/(k/1).
3, 5
Suppose 10 = 4*x + 2*j, 0 = -5*x + 4*j + j + 5. Let d = x - 4. Let c = d + 4. What are the prime factors of c?
2
Let g(c) be the third derivative of -c**4/3 - c**3/6 - c**2. Let y be g(3). Let j = -14 - y. What are the prime factors of j?
11
Let h(m) = 2*m**2 - 7*m - 1. List the prime factors of h(-6).
113
Let n = -4 + 10. Suppose 66 = 8*j - n*j. List the prime factors of j.
3, 11
Suppose -5*h + 125 = 25. What are the prime factors of h?
2, 5
Let i = 6 + -2. Suppose 0 = i*t + 12, 0*v + 2*t - 9 = -3*v. Suppose -v - 1 = -y. List the prime factors of y.
2, 3
Let c = 84 + 80. What are the prime factors of c?
2, 41
Suppose -317 = -4*r + 3*l - 21, 3*l = 5*r - 367. List the prime factors of r.
71
Let r(m) = m**3 - 8*m**2 + m - 8. Let n(u) = 8*u. Let c be n(1). Let f be r(c). Suppose 0 = -f*o + 3*o - 12. What are the prime factors of o?
2
Suppose -6*j = -j + d - 5, 2*j - 3*d - 19 = 0. Suppose 5*u = y - 3 - j, -3*y + 15 = -4*u. List the prime factors of y.
5
List the prime factors of (-792)/(-32) - (-6)/(-8).
2, 3
Let p = 124 - 54. What are the prime factors of p?
2, 5, 7
Let m(t) = t - 2. Let s(n) = -n**2 - 10*n - 5. Let j be s(-9). List the prime factors of m(j).
2
Suppose -2*w - l + 173 = 39, -3*w = -l - 196. What are the prime factors of w?
2, 3, 11
Let g(q) = -2*q - 8. Let j = -5 + 7. Let k be -11 - j*(-3)/6. What are the prime factors of g(k)?
2, 3
Let q = 0 - -22. What are the prime factors of q?
2, 11
Let l = -103 + 176. What are the prime factors of l?
73
Suppose -4*r - 97 = -725. List the prime factors of r.
157
Suppose -4 - 8 = 2*o. Let a = -3 - o. List the prime factors of a.
3
Let b(l) = -l**2 + 10*l - 2. Let x be -1 + (3 - -1) - 4. Let s be x + 24/(0 + 3). What are the prime factors of b(s)?
19
Let n(q) = q**2 - 2*q - 4. Let b = 77 + -39. Let a be 2/(-7) + b/(-14). List the prime factors of n(a).
11
Suppose -6 + 114 = 2*b - c, 3*b = 5*c + 155. List the prime factors of b.
5, 11
List the prime factors of (-8)/36 + (-3176)/(-36).
2, 11
Let l(h) = -h**3 + 9*h**2 + h - 4. List the prime factors of l(9).
5
Let o be (-24)/(-10) + 6/(-15). Let z(b) = 3*b - 2. What are the prime factors of z(o)?
2
Let u = 40 - -67. What are the prime factors of u?
107
Suppose 2*r - 6*r - 8 = 0. Let l be (-32)/(-12) + r/(-6). Suppose -7*t + 28 = -l*t. What are the prime factors of t?
7
Suppose 4*p = q - 16 - 3, 5*p = -3*q - 45. Let m = -5 + 6. What are the prime fac